s 961246901 composite?
False
Is 63432369398 composite?
True
Is 414671353 composite?
False
Is 392914061 a composite number?
False
Is 2075975491 composite?
True
Is 40809289721 a composite number?
True
Is 32433195941 composite?
False
Is 401237173 composite?
False
Is 43136769703 a prime number?
True
Is 490708807 a composite number?
False
Is 47707669021 prime?
True
Is 152140787 a prime number?
True
Is 3055401901 composite?
False
Is 1867303 prime?
True
Is 5232751 a composite number?
True
Is 18433567637 prime?
True
Is 2155717373 a prime number?
False
Is 290749477 a composite number?
False
Is 9449473837 a prime number?
True
Is 3315792569 composite?
True
Is 53139339599 prime?
True
Is 158467717 composite?
False
Is 21438778351 prime?
False
Is 79672521631 a prime number?
True
Is 21238385101 composite?
False
Is 3415330201 composite?
False
Is 123552743 a composite number?
True
Is 22740103 prime?
False
Is 463112137 a composite number?
True
Is 2150286097 prime?
True
Is 110339497 prime?
True
Is 17499951479 a prime number?
True
Is 1716544393 a composite number?
False
Is 38294881507 a composite number?
True
Is 76562726939 a prime number?
False
Is 20215964383 prime?
True
Is 17704100021 a prime number?
True
Is 1527734553 a composite number?
True
Is 5015263303 prime?
True
Is 1963524643 a composite number?
True
Is 5851527439 composite?
False
Is 6574903835 a prime number?
False
Is 392060214395 composite?
True
Is 16466715271 prime?
False
Is 28516246457 a prime number?
False
Is 54268074397 a prime number?
False
Is 31839341513 a composite number?
True
Is 59199142649 prime?
True
Is 208544977 prime?
True
Is 377804773 a prime number?
False
Is 148364743 a prime number?
False
Is 14507120123 prime?
False
Is 2470345979 a composite number?
False
Is 45098762359 a prime number?
False
Is 8720418767 a composite number?
False
Is 121958269 a prime number?
False
Is 3616975741 composite?
True
Is 26707146593 a composite number?
False
Is 85610461039 composite?
False
Is 1003500517 composite?
False
Is 6476453173 a prime number?
True
Is 112843369 prime?
False
Is 46533942043 a composite number?
False
Is 520179551 a composite number?
False
Is 39569509619 prime?
False
Is 6598149329 a composite number?
True
Is 1112290981 prime?
True
Is 17068547 prime?
True
Is 438584191 a prime number?
False
Is 41125053 prime?
False
Is 95960783 composite?
True
Is 670409273 composite?
False
Is 2029654589 a prime number?
False
Is 419440377 composite?
True
Is 71246527111 a composite number?
True
Is 6496632281 a prime number?
True
Is 13099386739 prime?
False
Is 3016820179 composite?
False
Is 3072670691 prime?
True
Is 28693841653 a composite number?
True
Is 24154838317 composite?
False
Is 549971337 a prime number?
False
Is 139772879 a composite number?
True
Is 950235227 a prime number?
False
Is 220844759 a composite number?
True
Is 12972521 a prime number?
True
Is 243445811 composite?
True
Is 7486384187 prime?
True
Is 47842905217 composite?
True
Is 8568836413 a prime number?
True
Is 13043231 composite?
True
Is 903946027 composite?
False
Is 8213428397 prime?
True
Is 303326339 a composite number?
False
Is 63510257 composite?
False
Is 27314879563 a composite number?
True
Is 6715516711 prime?
False
Is 2096147551 a composite number?
True
Is 1119724069 prime?
True
Is 32838049 a prime number?
True
Is 1513872517 a prime number?
False
Is 1232233817 a composite number?
True
Is 1665244573 a composite number?
False
Is 153958502293 prime?
True
Is 17819558191 composite?
True
Is 2278057679 composite?
False
Is 20105849219 prime?
True
Is 19562205661 prime?
False
Is 34100481223 a composite number?
False
Is 205213553 a composite number?
False
Is 2004322343 a prime number?
True
Is 1753535051 a prime number?
False
Is 14731922713 composite?
True
Is 36992293711 prime?
False
Is 12057169133 a prime number?
False
Is 866754281 a prime number?
True
Is 96186631 a prime number?
True
Is 7308356417 prime?
False
Is 95569207 a prime number?
True
Is 22821056933 a prime number?
False
Is 535015043 prime?
False
Is 1762843 a prime number?
True
Is 4879418465 a prime number?
False
Is 6274023773 prime?
True
Is 441447746 a prime number?
False
Is 184585789 a composite number?
False
Is 2871417457 a prime number?
False
Is 44208559 a prime number?
True
Is 346205851 a prime number?
True
Is 7413258871 composite?
False
Is 1278026639 composite?
False
Is 5232254315 a composite number?
True
Is 1135054969 a prime number?
True
Is 297869947 a composite number?
False
Is 207768173399 a prime number?
False
Is 17373199579 a prime number?
False
Is 2298713281 composite?
False
Is 2179344131 a composite number?
False
Is 26057052493 composite?
False
Is 563901757 a composite number?
False
Is 989625419957 prime?
True
Is 2168859149 a prime number?
False
Is 4756664401 a composite number?
False
Is 675186437 prime?
True
Is 3962262637 a composite number?
False
Is 2577831587 prime?
True
Is 250448701 composite?
False
Is 15712840421 prime?
False
Is 33427469407 prime?
True
Is 30048713477 a prime number?
False
Is 138314823539 a composite number?
False
Is 294798511091 a prime number?
False
Is 117916799281 prime?
True
Is 2805794093 a composite number?
False
Is 4127721313 a composite number?
True
Is 101799160847 composite?
True
Is 6343403449 a composite number?
False
Is 1643729389 prime?
True
Is 785781289 a composite number?
False
Is 14413544903 a prime number?
False
Is 1482812053 a prime number?
True
Is 1522335937 a prime number?
False
Is 194331017317 a composite number?
True
Is 27122723347 composite?
False
Is 1281451117 composite?
False
Is 13003038317 a prime number?
True
Is 19129219001 prime?
True
Is 257696722235 composite?
True
Is 459160963 prime?
True
Is 141470591 a prime number?
False
Is 64626001757 a prime number?
False
Is 12807434669 a composite number?
True
Is 638429333 a prime number?
True
Is 12280504219 prime?
True
Is 16104892343 composite?
True
Is 27841137023 a prime number?
False
Is 654405107 prime?
True
Is 36107513581 composite?
False
Is 240722551 prime?
False
Is 3959031997 a prime number?
True
Is 11613907691 a prime number?
True
Is 24588171617 a prime number?
False
Is 141532290413 composite?
True
Is 3829932527 a composite number?
True
Is 1239240853 prime?
True
Is 33547847 a composite number?
False
Is 571908941 prime?
False
Is 10137859409 a prime number?
True
Is 11282019301 prime?
False
Is 5908220797 prime?
True
Is 31859065837 a composite number?
False
Is 519569165 composite?
True
Is 2461572293 a prime number?
False
Is 77841618727 composite?
False
Is 5460909859 a prime number?
True
Is 30148710913 prime?
True
Is 2429159 composite?
True
Is 2434365347 a composite number?
False
Is 8868767057 composite?
False
Is 48965819 prime?
False
Is 3207282529 composite?
True
Is 4898352034 a prime number?
False
Is 562261459 a prime number?
True
Is 5504053787 prime?
True
Is 1422129421 composite?
True
Is 776217901 a prime number?
True
Is 49701749 a prime number?
False
Is 136489350229 prime?
False
Is 6199879867 composite?
True
Is 31377461861 a composite number?
True
Is 772108933 composite?
True
Is 7495121 prime?
True
Is 10644244337 composite?
True
Is 803254979 composite?
True
Is 75680232269 composite?
False
Is 10620265189 a prime number?
False
Is 10051842071 composite?
False
Is 467830687 composite?
True
Is 6063197993 a prime number?
True
Is 1234637458 prime?
False
Is 5852069989 composite?
False
Is 178786411 a prime number?
True
Is 11787974427 a prime number?
False
Is 186565268053 a composite number?
False
Is 1098647243 a prime number?
False
Is 683818609 composite?
True
Is 155556083 prime?
True
Is 384782485 prime?
False
Is 569592781 prime?
False
Is 2428162927 prime?
False
Is 79454272991 composite?
True
Is 8172688331 a composite number?
True
Is 408305697 prime?
False
Is 9796445473 composite?
False
Is 260781745973 a composite number?
True
Is 980801699 prime?
True
Is 943099681 a prime number?
True
Is 311836553533 prime?
True
Is 2986874773 a composite number?
True
Is 299102341 a prime number?
True
Is 3980473027 a prime number?
True
Is 23815919117 a composite number?
True
Is 22974423029 a prime number?
True
Is 81442147 a composite number?
False
Is 1874172851 a prime number?
True
Is 238438435943 a prime number?
True
Is 1414113599 composite?
False
Is 1823524039 prime?
False
Is 711827321 prime?
True
Is 122